osite?
True
Is 840727 a composite number?
False
Is 55103 a composite number?
False
Is 24748403 a prime number?
False
Is 198704645 a composite number?
True
Is 3836267 a composite number?
False
Is 768547 composite?
True
Is 34973 prime?
False
Is 2097551 prime?
False
Is 359626 composite?
True
Is 44028769 a composite number?
False
Is 4165121 composite?
True
Is 70165453 a composite number?
True
Is 8437817 a prime number?
False
Is 3314819 a prime number?
True
Is 32250073 composite?
False
Is 2356943 prime?
True
Is 1546141 prime?
True
Is 600989381 composite?
False
Is 5966797 composite?
False
Is 6599347 prime?
True
Is 109550387 prime?
False
Is 9718913 composite?
False
Is 528247673 a prime number?
False
Is 6400253 a composite number?
False
Is 1501519 composite?
True
Is 114969259 a composite number?
True
Is 43986479 prime?
True
Is 1001911 a composite number?
False
Is 5862809 a prime number?
False
Is 11784551 composite?
False
Is 4389311 a composite number?
True
Is 29181909 a composite number?
True
Is 189113339 prime?
True
Is 1785931 prime?
False
Is 3265057 prime?
False
Is 867617 a prime number?
True
Is 10116677 prime?
True
Is 72897689 a prime number?
True
Is 291073 a composite number?
True
Is 6433237 prime?
True
Is 18682577 a prime number?
True
Is 88590919 a composite number?
True
Is 861166967 a prime number?
True
Is 53763763 composite?
False
Is 1282069 a composite number?
False
Is 446382109 a prime number?
False
Is 3990473 a prime number?
True
Is 1331039 a composite number?
False
Is 187102021 a composite number?
False
Is 26033981 a prime number?
True
Is 32622103 a prime number?
False
Is 22782317 a composite number?
True
Is 75395083 prime?
False
Is 553867 a composite number?
False
Is 5715433 composite?
False
Is 615371 prime?
False
Is 19595661 prime?
False
Is 4734074 a composite number?
True
Is 2492482 composite?
True
Is 80043781 composite?
True
Is 24070799 a prime number?
False
Is 408029 prime?
False
Is 2223719 a prime number?
False
Is 42765403 prime?
True
Is 41655689 composite?
True
Is 24774017 a composite number?
True
Is 8379669 prime?
False
Is 1296457 prime?
False
Is 187628681 a prime number?
True
Is 3443317 composite?
False
Is 1374827 composite?
False
Is 5269357 a composite number?
True
Is 235044527 prime?
True
Is 75605437 a prime number?
False
Is 1456313 prime?
True
Is 7052753 a prime number?
True
Is 2914673 a prime number?
True
Is 21401531 a prime number?
True
Is 1285849 composite?
True
Is 4362143 prime?
False
Is 26896097 prime?
False
Is 11524197 prime?
False
Is 11029507 a composite number?
False
Is 182166613 composite?
False
Is 1162339 a composite number?
False
Is 194626559 composite?
False
Is 2908129 a composite number?
True
Is 83764649 composite?
False
Is 100968611 a prime number?
True
Is 198118189 a composite number?
False
Is 7397959 prime?
False
Is 3155351 composite?
True
Is 2723501 a composite number?
True
Is 1275737 prime?
True
Is 2181507 composite?
True
Is 7359037 composite?
True
Is 3913883 a prime number?
False
Is 698959 a composite number?
True
Is 1574915 prime?
False
Is 2606503 prime?
True
Is 22263043 a prime number?
False
Is 8059693 prime?
True
Is 9194413 prime?
False
Is 3397231 a prime number?
False
Is 744473383 a prime number?
True
Is 1258750087 a composite number?
True
Is 91426229 prime?
False
Is 467641687 a composite number?
False
Is 120282623 a prime number?
True
Is 94182367 a prime number?
False
Is 14341193 prime?
False
Is 44684807 prime?
False
Is 3578461 prime?
True
Is 1085269 prime?
True
Is 1339404869 composite?
True
Is 3288133 prime?
False
Is 43462751 prime?
False
Is 67843 a composite number?
False
Is 12475957 prime?
False
Is 53140814 a composite number?
True
Is 4594357 composite?
False
Is 4483343 prime?
False
Is 2914267 composite?
False
Is 15103589 a composite number?
False
Is 542683 a prime number?
True
Is 572809 composite?
True
Is 2138179 prime?
False
Is 6453641 prime?
False
Is 2759260585 prime?
False
Is 8901757 prime?
False
Is 60921649 a composite number?
False
Is 20776321 a composite number?
False
Is 27537557 a composite number?
False
Is 72107977 a composite number?
True
Is 3701657 composite?
True
Is 26007329 composite?
True
Is 2286239 a composite number?
False
Is 7259845 prime?
False
Is 82709593 a composite number?
False
Is 66059293 a prime number?
True
Is 11502779 composite?
False
Is 54156517 composite?
True
Is 93587773 prime?
False
Is 20301097 a prime number?
True
Is 7011223 a prime number?
True
Is 56092697 a prime number?
False
Is 65633287 composite?
False
Is 87370817 a prime number?
True
Is 77637419 a composite number?
True
Is 132307247 prime?
False
Is 2895103 composite?
False
Is 142308533 a prime number?
True
Is 6060662 prime?
False
Is 43343933 composite?
False
Is 11909047 prime?
False
Is 300695051 composite?
True
Is 17307397 a composite number?
True
Is 10375129 a prime number?
True
Is 1974817 composite?
True
Is 40067983 prime?
False
Is 17627069 composite?
False
Is 51133153 a prime number?
False
Is 2687237 a prime number?
False
Is 6237611 a prime number?
False
Is 206236757 a composite number?
False
Is 23750179 a composite number?
False
Is 4500123 a composite number?
True
Is 602023 composite?
True
Is 1067186561 a prime number?
False
Is 46702283 composite?
True
Is 37400371 a prime number?
True
Is 24102223 prime?
False
Is 155867 composite?
True
Is 27046769 prime?
False
Is 7201031 prime?
True
Is 4931749 a prime number?
True
Is 115405307 composite?
True
Is 1246631 prime?
True
Is 3939865 a composite number?
True
Is 16520359 prime?
False
Is 120623131 a composite number?
False
Is 18953569 composite?
False
Is 2099707 a prime number?
True
Is 497449 a composite number?
False
Is 8085151 prime?
False
Is 452897 prime?
False
Is 110183 prime?
True
Is 32832097 a composite number?
True
Is 8176111 prime?
True
Is 33243629 a composite number?
False
Is 51950917 a prime number?
True
Is 1588368623 a composite number?
False
Is 32976029 prime?
True
Is 45923767 prime?
True
Is 127193917 a composite number?
True
Is 195142957 a composite number?
False
Is 128218639 prime?
True
Is 2390801 a prime number?
False
Is 23620682 a prime number?
False
Is 23030005 a composite number?
True
Is 32438579 a prime number?
False
Is 2875129 prime?
False
Is 13235 composite?
True
Is 5376577 prime?
True
Is 25525589 a composite number?
False
Is 3704881 prime?
False
Is 109466353 prime?
False
Is 36488483 a prime number?
False
Is 42259209 a composite number?
True
Is 36102173 a prime number?
True
Is 291062 a prime number?
False
Is 7594133 a prime number?
False
Is 796333 a prime number?
False
Is 42409385 composite?
True
Is 3872269 composite?
True
Is 2220681 prime?
False
Is 9886937 composite?
False
Is 23649263 a composite number?
True
Is 19370147 composite?
False
Is 29141067 composite?
True
Is 169886813 prime?
True
Is 514933 prime?
True
Is 91655051 a composite number?
True
Is 9252449 prime?
False
Is 104426769 composite?
True
Is 23985358 prime?
False
Is 1391207 prime?
True
Is 41362441 composite?
True
Is 2722309 a composite number?
False
Is 7235981 prime?
False
Is 327247 a prime number?
True
Is 185660583 a composite number?
True
Is 328800023 prime?
True
Is 221945 a prime number?
False
Is 9283031 a prime number?
True
Is 329177 a prime number?
True
Is 3702769 a composite number?
True
Is 5378327 composite?
True
Is 845151 a prime number?
False
Is 95854513 a prime number?
False
Is 14544583 prime?
False
Is 587513 prime?
True
Is 25289179 a composite number?
False
Is 1307201 prime?
False
Is 1902969097 a composite number?
False
Is 17926477 prime?
True
Is 129475141 a composite number?
True
Is 204575563 a prime number?
False
Is 104578 composite?
True
Is 10168957 a composite number?
False
Is 2417671 prime?
True
Is 7639067 prime?
True
Is 16728583 a composite number?
False
Is 10798313 prime?
True
Is 4522261 composite?
False
Is 33553271 composite?
False
Is 8362313 prime?
False
Is 384061 prime?
True
Is 400410887 a prime number?
False
Is 145579207 prime?
True
Is 98363963 composite?
True
Is 113731019 a composite number?
False
Is 801947 a composite number?
False
Is 1002403 a prime number?
True
Is 55763 a prime number?
True
Is 2840857 composite?
False
Is 42842759 a composite number?
True
Is 82132159 composite?
False
Is 102291229 composite?
False
Is 2573717 composite?
False
Is 130004921 prime?
